y v?
32
Let m(c) = 8*c. Let k be m(-1). Let x be 582/24 + 2/k. What is the remainder when x + 0 + (-10)/5 is divided by 8?
6
Let u = -3 - -7. Suppose u*v - 86 = -3*n + n, 2*v - 13 = 5*n. Calculate the remainder when 55 is divided by v.
17
Suppose 0 = -3*g - g. Suppose 0 = f - 5 - g. Suppose -22 + 6 = -x - 2*v, -52 = -4*x - f*v. What is the remainder when 14 is divided by x?
6
Suppose -2*s - s = 4*m - 100, 3*m - 76 = -2*s. Let a = 5 - -10. What is the remainder when m is divided by a?
13
Let j = 103 + -42. Calculate the remainder when j is divided by 16.
13
Suppose -8*f + 243 = -229. What is the remainder when f is divided by 12?
11
Suppose 5 + 7 = 3*f + p, 0 = -4*f + 5*p + 16. What is the remainder when ((-2)/f)/((-6)/396) is divided by 12?
9
Suppose 0 = 6*n - 14 - 22. Calculate the remainder when (-103)/(-3) + 1/(-3) is divided by n.
4
Calculate the remainder when 55 is divided by 290/14 - (-20)/70.
13
Let b = -12 - -48. Calculate the remainder when b is divided by 1 + -5 - -11 - -6.
10
Let d(u) = -3 - 9*u + 13*u + 10*u. Let s be d(2). Suppose -i + s = -1. Calculate the remainder when i is divided by 9.
8
Suppose -2*d + 114 = -52. Calculate the remainder when d is divided by 17.
15
Let f(l) = 2*l + 6. Calculate the remainder when 67 is divided by f(4).
11
Suppose -4*y = -j - 116, -2*y - y + 86 = -j. Calculate the remainder when 59 is divided by y.
29
Let k(p) = -p**3 + 18*p**2 + 20*p + 16. Calculate the remainder when 100 is divided by k(19).
30
Let g(f) = 6*f + 6. Let k be g(9). Let u be ((-2)/(-4))/(2/100). Suppose -5*x = u, -2*x + k = 3*c + x. Calculate the remainder when c is divided by 13.
12
Suppose -5*x + 6*x + 6 = -a, -3*a = -3*x. Let g = -2 - x. Let m = 2 + 0. Calculate the remainder when m is divided by g.
0
Suppose 20 = 4*g - g - 4*n, -4*g + 28 = -5*n. What is the remainder when 58 is divided by g?
10
Let c = 3 - 1. Suppose c*b - 5 = 5, 0 = q - 3*b + 14. What is the remainder when q is divided by 1?
0
Let w = 131 + -102. Calculate the remainder when w is divided by 15.
14
Let l(a) = 4*a + 8. Suppose 4*u = 10 + 34. Let o = u + 0. Calculate the remainder when l(6) is divided by o.
10
Suppose d - 4*z - z - 14 = 0, 0 = -5*z - 10. Suppose -3*c = 2*l - 27, -c + d*l = -4*c + 33. Let f = 7 + 6. Calculate the remainder when f is divided by c.
6
Suppose 2*p - 5*p + 24 = 0. Suppose -140 = -55*w + 45*w. What is the remainder when w is divided by p?
6
Let a = 12 + -17. What is the remainder when (-2)/a + (-243)/(-5) is divided by 17?
15
Suppose 24*s + 87 = 27*s. Let j(h) = 2*h - 1. What is the remainder when s is divided by j(6)?
7
Suppose 0 = y + l - 7, -y - 3*l + 2 = -13. Suppose -y*x + 6*x - 30 = 0. What is the remainder when (-9)/6 + (-891)/(-22) is divided by x?
9
Let x(t) = -t**3 - 9*t**2 - 8*t - 4. Let w be x(-8). What is the remainder when ((-41)/3)/(1/(-3)) is divided by (8/2)/(w/(-14))?
13
Suppose 2*z + 0*z = -2, 0 = -m - 3*z. Calculate the remainder when ((-2)/(-4))/((-2)/(-52)) is divided by 16/3 + (-1)/m.
3
Suppose -5*w + 9*w - 20 = 0. Let v(a) = a + 11. Let z be v(-9). Suppose 0 = z*k - 3*k + w. What is the remainder when 9 is divided by k?
4
Suppose -4*f + 6*h = 4*h - 98, 10 = -2*h. What is the remainder when f is divided by 13?
9
What is the remainder when 23 + -1*2*4/8 is divided by 6?
4
Suppose 5*p - o - 16 = p, -5*p = 4*o - 20. Suppose -3*x + p = -2. Let i = -1 + 4. What is the remainder when i is divided by x?
1
What is the remainder when 130 is divided by (88/(-6))/(6/(-9))?
20
Let u = 12 - -3. Calculate the remainder when u is divided by 8.
7
Let t = 5 - 5. Suppose t = -n - 3*n + 40. Let r = 17 - n. What is the remainder when r is divided by 4?
3
Suppose -2*d = 5*m - 376, 8*d - 3*d = -m + 89. What is the remainder when m is divided by 30?
14
Let h(j) = -27*j - 1. Let f(s) = -2*s. Let t be f(-2). Suppose -5*w - 2 = 2*c - 0*c, -5*c - t*w = 5. What is the remainder when h(c) is divided by 14?
12
Let l(b) = 3*b - 69. Calculate the remainder when 87 is divided by l(28).
12
Let c = 10 + -6. Suppose 2*x - 3 = 1. Calculate the remainder when c is divided by x.
0
Let r(c) = -c - 4. Let k be r(-9). Suppose -3*q + 38 = 4*y - 5*q, -4*y + 17 = k*q. What is the remainder when 15 is divided by y?
7
Let r(m) = -m - 4. Let q be r(-10). Suppose -q*z + 227 = -211. Calculate the remainder when z is divided by 19.
16
Suppose -2*v + 2*h - 6*h + 2 = 0, -2*v + 14 = -2*h. Suppose 175 = v*n - 0*n. What is the remainder when n is divided by 19?
16
Suppose 8 = q + 3*u, 2*u - 49 = -3*q - 2*u. Suppose 0 = 4*h - 8, -5*z + 2*h + 0*h + 221 = 0. What is the remainder when z is divided by q?
22
Let l(w) = -w**3 + 4*w**2 + 5*w + 7. Let p be l(5). Suppose p + 7 = 2*q. Calculate the remainder when 27 is divided by q.
6
Let c(m) = 5*m - 5. Let q(x) = 2*x**2 - x - 8. Calculate the remainder when q(-5) is divided by c(6).
22
Let i(q) be the third derivative of 3*q**4/8 - 5*q**3/3 + 7*q**2. What is the remainder when i(4) is divided by 9?
8
Suppose -4*s - 2*o + 42 = 0, 0*o + 15 = 5*o. Calculate the remainder when s is divided by 7.
2
What is the remainder when 23 is divided by 12 - (2 + (0 - -1))?
5
Let t(b) = 8*b. Let s be t(1). Calculate the remainder when 4/(-16) + 506/s is divided by 16.
15
Let u(i) = -2*i**3 - 6*i**2 - 7*i - 9. Calculate the remainder when u(-4) is divided by 28.
23
Suppose 4*n + 4*b + 5 = -3, -4*n = -4*b + 32. Let c be (3/n)/((-1)/5). Suppose 0*j = c*j - 57. What is the remainder when 56 is divided by j?
18
Suppose -3*m = 2*m - 175. What is the remainder when m is divided by 13?
9
Let r be 6 + -1 + -2 - -29. Suppose -10 = 2*h - r. Calculate the remainder when 21 is divided by h.
10
Let t = -17 + 11. Let d(f) = f**3 + 5*f**2 - 8*f - 3. Calculate the remainder when 19 - 0 - 10/5 is divided by d(t).
8
Let i = -6 - 8. Let o = i - -37. Suppose -5 = -4*u + 27. Calculate the remainder when o is divided by u.
7
Suppose 0*j = 2*w - 5*j - 37, -5*w + 130 = -5*j. Suppose -2*t = 2*t + z - w, -2*t = z - 15. Calculate the remainder when (-35)/1*4/(-10) is divided by t.
6
Let l(q) = -10*q + 5. Let y be l(4). Let d = y - -82. Calculate the remainder when d is divided by 25.
22
Suppose -11*w + 91 + 85 = 0. What is the remainder when 63 is divided by w?
15
Suppose 4*q = 2*q + 80. Suppose -2*t - 3*t - q = 0. What is the remainder when 11 is divided by 3/2 - 44/t?
4
Suppose -5*n + 49 = -u - 58, -u + 69 = 3*n. Let k = -21 + 27. What is the remainder when n is divided by k?
4
Let i = -16 + 40. Suppose -w = 3*w - i. What is the remainder when w is divided by 3?
0
Suppose -2*k + 58 = -k + 4*y, y + 374 = 5*k. What is the remainder when k is divided by 20?
14
What is the remainder when 13 is divided by ((-99)/297)/(0 - (-2)/(-24))?
1
Suppose 3 = -c, 3*m + 0*m - 144 = -3*c. What is the remainder when m is divided by 14?
9
Let c = 68 - -20. What is the remainder when c is divided by 23?
19
Let r(h) = -h - 11. What is the remainder when 46 is divided by r(-24)?
7
Let y(s) = s + 2. Let f be y(-2). Suppose -n + 0*n + 4 = f. Let w = 10 + 1. Calculate the remainder when w is divided by n.
3
Suppose -l = -58 - 47. Suppose -3*u + l - 5 = -5*w, -2*u = -2*w - 68. What is the remainder when u is divided by (72/(-32))/(1/(-4))?
8
Suppose 0*g + 3*g = 3. Let o(b) = 3*b**2 - 1. Let n be o(g). Let i = n - -5. Calculate the remainder when i is divided by 4.
3
Let y(x) = -x**3 + 10*x**2 - 9*x + 5. Let g be 2 - 2 - 2/(-1). Let h be g/(-10) + 460/50. What is the remainder when y(h) is divided by 4?
1
Let s = 0 + -9. What is the remainder when 3/s - (-1024)/12 is divided by 22?
19
Let p = 11 - 3. What is the remainder when 29 is divided by p?
5
Let u = -10 - -23. Let z = 25 - u. What is the remainder when 47 is divided by z?
11
Suppose 3*m + 256 = 2*f, -4*m + 39 = 4*f - 433. What is the remainder when f is divided by 31?
29
Let b(g) = g**2 - g - 4. Let y be b(8). Suppose -2*k + y = 2*k. What is the remainder when 24 is divided by k?
11
What is the remainder when 147 is divided by ((-60)/(-40))/(2/40)?
27
Suppose 4*s + 49 = 3*s. Let h = -29 - s. Calculate the remainder when h is divided by 7.
6
Suppose 0 = -0*i - 3*i + 45. Calculate the remainder when i is divided by 4.
3
Suppose 1 = 2*c - 3. Suppose c*a + 26 = 3*a. What is the remainder when a is divided by 14?
12
Suppose -4*i = -6*i.